{"id":1813,"date":"2021-08-12T18:34:07","date_gmt":"2021-08-12T16:34:07","guid":{"rendered":"https:\/\/penthouse55.de\/start\/?page_id=1813"},"modified":"2022-02-23T17:27:20","modified_gmt":"2022-02-23T16:27:20","slug":"covid19-praevention","status":"publish","type":"page","link":"https:\/\/penthouse55.de\/start\/covid19-praevention\/","title":{"rendered":"COVID19-Pr\u00e4vention"},"content":{"rendered":"<h3>Liebe G\u00e4ste,<\/h3>\n<p><strong> !!! alle M\u00e4dchen bei uns sind geimpft !!!!<\/strong><\/p>\n<p>Laut Verordnung der Landesregierung Baden-W\u00fcrtemberg vom 23.02.2022<br \/>\nist der Zutritt derzeit nach Vorlage eines Impf-, Genesenen- oder Testnachweises m\u00f6glich.<\/p>\n<p>Warnstufe (3G) Zutritt nur f\u00fcr Geimpfte, Genesene oder Getestete<\/p>\n<p>Alarmstufe I (2G) Zutritt nur f\u00fcr Geimpfte und Genesene.<br \/>\nAlarmstufe II (2G+) Zutritt nur f\u00fcr Geimpfte, Genesene und Getestete.<\/p>\n<p>Spontane Besuche sowie Terminvereinbarungen sind m\u00f6glich.<\/p>\n<p>Die R\u00e4umlichkeiten in denen die entgeltlichen sexuellen Dienstleistungen erbracht werden, d\u00fcrfen nur durch zwei Personen gleichzeitig genutzt werden.<br \/>\nDie Pflicht zum Tragen einer medizinischen Maske oder eines Atemschutzes entf\u00e4llt lediglich dann, wenn die zu erbringende Dienstleistung dies erfordert.<\/p>\n<p>Solltest Du typische Symptome einer Infektion mit dem Coronavirus haben, unter Quarant\u00e4ne stehen oder in den letzten<br \/>\n14 Tagen Kontakt zu einer an Covid19 infizierten Person gehabt haben, darfst Du unser Haus leider nicht besuchen.<\/p>\n<p>Es gilt die Maskenpflicht nach \u00a7 3 und die Erfassung Deiner Kontaktdaten nach \u00a7 6 der Corona-Verordnung.<br \/>\nDiskretion und Hygiene hat bei uns h\u00f6chste Priorit\u00e4t.<\/p>\n<p>Unsere Hygienestandards entsprechen den aktuellen Anforderungen der Corona-Verordnung.<br \/>\nEs versteht sich von selbst, dass Deine pers\u00f6nlichen Daten nach der Aufbewahrungsfrist unverz\u00fcglich vernichtet werden.<\/p>\n<p>Wir freuen uns auf Deinen Besuch!<\/p>\n","protected":false},"excerpt":{"rendered":"<p>Liebe G\u00e4ste, !!! alle M\u00e4dchen bei uns sind geimpft !!!! Laut Verordnung der Landesregierung Baden-W\u00fcrtemberg &hellip; <\/p>\n","protected":false},"author":3,"featured_media":0,"parent":0,"menu_order":0,"comment_status":"closed","ping_status":"closed","template":"","meta":{"ngg_post_thumbnail":0,"footnotes":""},"class_list":["post-1813","page","type-page","status-publish","hentry","latest_post"],"_links":{"self":[{"href":"https:\/\/penthouse55.de\/start\/wp-json\/wp\/v2\/pages\/1813","targetHints":{"allow":["GET"]}}],"collection":[{"href":"https:\/\/penthouse55.de\/start\/wp-json\/wp\/v2\/pages"}],"about":[{"href":"https:\/\/penthouse55.de\/start\/wp-json\/wp\/v2\/types\/page"}],"author":[{"embeddable":true,"href":"https:\/\/penthouse55.de\/start\/wp-json\/wp\/v2\/users\/3"}],"replies":[{"embeddable":true,"href":"https:\/\/penthouse55.de\/start\/wp-json\/wp\/v2\/comments?post=1813"}],"version-history":[{"count":10,"href":"https:\/\/penthouse55.de\/start\/wp-json\/wp\/v2\/pages\/1813\/revisions"}],"predecessor-version":[{"id":2770,"href":"https:\/\/penthouse55.de\/start\/wp-json\/wp\/v2\/pages\/1813\/revisions\/2770"}],"wp:attachment":[{"href":"https:\/\/penthouse55.de\/start\/wp-json\/wp\/v2\/media?parent=1813"}],"curies":[{"name":"wp","href":"https:\/\/api.w.org\/{rel}","templated":true}]}}