{"id":19,"date":"2020-10-26T19:21:59","date_gmt":"2020-10-26T18:21:59","guid":{"rendered":"http:\/\/penthouse55.de\/start\/?page_id=19"},"modified":"2020-11-02T12:29:41","modified_gmt":"2020-11-02T11:29:41","slug":"ambiente","status":"publish","type":"page","link":"https:\/\/penthouse55.de\/start\/ambiente\/","title":{"rendered":"Ambiente"},"content":{"rendered":"<div id=\"pl-19\"  class=\"panel-layout\" ><div id=\"pg-19-0\"  class=\"panel-grid panel-no-style\" ><div id=\"pgc-19-0-0\"  class=\"panel-grid-cell\" ><div id=\"panel-19-0-0-0\" class=\"so-panel widget widget_sow-editor panel-first-child panel-last-child\" data-index=\"0\" ><div\n\t\t\t\n\t\t\tclass=\"so-widget-sow-editor so-widget-sow-editor-base\"\n\t\t\t\n\t\t>\n<div class=\"siteorigin-widget-tinymce textwidget\">\n\t<div style=\"text-align: center;\">\n<p>H\u00fcbsche internationale Modelle im w\u00f6chentlichen Wechsel verw\u00f6hnen Dich mit einem bombastischen Spitzenservice ohne Ber\u00fchrungs\u00e4ngste mit purer hingebungsvoller Leidenschaft.<\/p>\n<div id=\"metaslider-id-212\" style=\"width: 100%;\" class=\"ml-slider-3-107-0 metaslider metaslider-flex metaslider-212 ml-slider ms-theme-default nav-hidden\" role=\"region\" aria-label=\"Neue Slideshow\" data-height=\"400\" data-width=\"900\">\n    <div id=\"metaslider_container_212\">\n        <div id=\"metaslider_212\">\n            <ul class='slides'>\n                <li style=\"display: block; width: 100%;\" class=\"slide-326 ms-image \" aria-roledescription=\"slide\" data-date=\"2020-11-03 10:55:11\" data-filename=\"DSCF0169-2-900x400.jpg\" data-slide-type=\"image\"><img loading=\"lazy\" decoding=\"async\" src=\"https:\/\/penthouse55.de\/start\/wp-content\/uploads\/2020\/11\/DSCF0169-2-900x400.jpg\" height=\"400\" width=\"900\" alt=\"\" class=\"slider-212 slide-326 msDefaultImage\" title=\"DSCF0169\" \/><\/li>\n                <li style=\"display: none; width: 100%;\" class=\"slide-327 ms-image \" aria-roledescription=\"slide\" data-date=\"2020-11-03 10:55:11\" data-filename=\"DSCF0182-1-900x400.jpg\" data-slide-type=\"image\"><img loading=\"lazy\" decoding=\"async\" src=\"https:\/\/penthouse55.de\/start\/wp-content\/uploads\/2020\/11\/DSCF0182-1-900x400.jpg\" height=\"400\" width=\"900\" alt=\"\" class=\"slider-212 slide-327 msDefaultImage\" title=\"DSCF0182\" \/><\/li>\n                <li style=\"display: none; width: 100%;\" class=\"slide-328 ms-image \" aria-roledescription=\"slide\" data-date=\"2020-11-03 10:55:11\" data-filename=\"DSCF0185-900x400.jpg\" data-slide-type=\"image\"><img loading=\"lazy\" decoding=\"async\" src=\"https:\/\/penthouse55.de\/start\/wp-content\/uploads\/2020\/11\/DSCF0185-900x400.jpg\" height=\"400\" width=\"900\" alt=\"\" class=\"slider-212 slide-328 msDefaultImage\" title=\"DSCF0185\" \/><\/li>\n                <li style=\"display: none; width: 100%;\" class=\"slide-329 ms-image \" aria-roledescription=\"slide\" data-date=\"2020-11-03 10:55:11\" data-filename=\"DSCF0190-600x266.jpg\" data-slide-type=\"image\"><img loading=\"lazy\" decoding=\"async\" src=\"https:\/\/penthouse55.de\/start\/wp-content\/uploads\/2020\/11\/DSCF0190-600x266.jpg\" height=\"400\" width=\"900\" alt=\"\" class=\"slider-212 slide-329 msDefaultImage\" title=\"DSCF0190\" \/><\/li>\n                <li style=\"display: none; width: 100%;\" class=\"slide-330 ms-image \" aria-roledescription=\"slide\" data-date=\"2020-11-03 10:55:11\" data-filename=\"DSCF0199-1-900x400.jpg\" data-slide-type=\"image\"><img loading=\"lazy\" decoding=\"async\" src=\"https:\/\/penthouse55.de\/start\/wp-content\/uploads\/2020\/11\/DSCF0199-1-900x400.jpg\" height=\"400\" width=\"900\" alt=\"\" class=\"slider-212 slide-330 msDefaultImage\" title=\"DSCF0199\" \/><\/li>\n                <li style=\"display: none; width: 100%;\" class=\"slide-331 ms-image \" aria-roledescription=\"slide\" data-date=\"2020-11-03 10:55:11\" data-filename=\"DSCF0207-1-900x400.jpg\" data-slide-type=\"image\"><img loading=\"lazy\" decoding=\"async\" src=\"https:\/\/penthouse55.de\/start\/wp-content\/uploads\/2020\/11\/DSCF0207-1-900x400.jpg\" height=\"400\" width=\"900\" alt=\"\" class=\"slider-212 slide-331 msDefaultImage\" title=\"DSCF0207\" \/><\/li>\n                <li style=\"display: none; width: 100%;\" class=\"slide-332 ms-image \" aria-roledescription=\"slide\" data-date=\"2020-11-03 10:55:11\" data-filename=\"DSCF0209-900x400.jpg\" data-slide-type=\"image\"><img loading=\"lazy\" decoding=\"async\" src=\"https:\/\/penthouse55.de\/start\/wp-content\/uploads\/2020\/11\/DSCF0209-900x400.jpg\" height=\"400\" width=\"900\" alt=\"\" class=\"slider-212 slide-332 msDefaultImage\" title=\"DSCF0209\" \/><\/li>\n                <li style=\"display: none; width: 100%;\" class=\"slide-333 ms-image \" aria-roledescription=\"slide\" data-date=\"2020-11-03 10:55:11\" data-filename=\"DSCF0230-900x400.jpg\" data-slide-type=\"image\"><img loading=\"lazy\" decoding=\"async\" src=\"https:\/\/penthouse55.de\/start\/wp-content\/uploads\/2020\/11\/DSCF0230-900x400.jpg\" height=\"400\" width=\"900\" alt=\"\" class=\"slider-212 slide-333 msDefaultImage\" title=\"DSCF0230\" \/><\/li>\n                <li style=\"display: none; width: 100%;\" class=\"slide-334 ms-image \" aria-roledescription=\"slide\" data-date=\"2020-11-03 10:55:11\" data-filename=\"DSCF0233-1-900x400.jpg\" data-slide-type=\"image\"><img loading=\"lazy\" decoding=\"async\" src=\"https:\/\/penthouse55.de\/start\/wp-content\/uploads\/2020\/11\/DSCF0233-1-900x400.jpg\" height=\"400\" width=\"900\" alt=\"\" class=\"slider-212 slide-334 msDefaultImage\" title=\"DSCF0233\" \/><\/li>\n            <\/ul>\n        <\/div>\n        \n    <\/div>\n<\/div>\n<p>&nbsp;<\/p>\n<p>Mit Klasse und Qualit\u00e4t erwarten Dich eine Menge an Erotik, Sex und tollen H\u00f6hepunkten.<\/p>\n<\/div>\n<div style=\"text-align: center;\">Die R\u00e4umlichkeiten in welchen Dich unsere charmanten Damen erwarten erfreuen durch ihr modernes Flair. Alle Zimmer sind geschmackvoll eingerichtet, freundlich, hell und gem\u00fctlich. In diesen nat\u00fcrlich immer f\u00fcr neue Erlebnisse garantiert wird. Wir legen gr\u00f6ssten Wert auf Sauberkeit, \u00e4usserste Hygiene und Diskretion.<\/div>\n<\/div>\n<\/div><\/div><\/div><\/div><\/div>","protected":false},"excerpt":{"rendered":"<p>H\u00fcbsche internationale Modelle im w\u00f6chentlichen Wechsel verw\u00f6hnen Dich mit einem bombastischen Spitzenservice ohne Ber\u00fchrungs\u00e4ngste mit &hellip; <\/p>\n","protected":false},"author":1,"featured_media":0,"parent":0,"menu_order":0,"comment_status":"closed","ping_status":"closed","template":"","meta":{"ngg_post_thumbnail":0,"footnotes":""},"class_list":["post-19","page","type-page","status-publish","hentry","latest_post"],"_links":{"self":[{"href":"https:\/\/penthouse55.de\/start\/wp-json\/wp\/v2\/pages\/19","targetHints":{"allow":["GET"]}}],"collection":[{"href":"https:\/\/penthouse55.de\/start\/wp-json\/wp\/v2\/pages"}],"about":[{"href":"https:\/\/penthouse55.de\/start\/wp-json\/wp\/v2\/types\/page"}],"author":[{"embeddable":true,"href":"https:\/\/penthouse55.de\/start\/wp-json\/wp\/v2\/users\/1"}],"replies":[{"embeddable":true,"href":"https:\/\/penthouse55.de\/start\/wp-json\/wp\/v2\/comments?post=19"}],"version-history":[{"count":4,"href":"https:\/\/penthouse55.de\/start\/wp-json\/wp\/v2\/pages\/19\/revisions"}],"predecessor-version":[{"id":229,"href":"https:\/\/penthouse55.de\/start\/wp-json\/wp\/v2\/pages\/19\/revisions\/229"}],"wp:attachment":[{"href":"https:\/\/penthouse55.de\/start\/wp-json\/wp\/v2\/media?parent=19"}],"curies":[{"name":"wp","href":"https:\/\/api.w.org\/{rel}","templated":true}]}}